 of 540 and y.
270
Suppose -8*t - 7 + 15 = 0. Suppose -3*v + 3*p - 6*p = 21, 2*v = 3*p + t. Let w be (3 + v + -10)*-6. What is the greatest common divisor of w and 22?
22
Let d = -63 - -67. Let r(z) = 9*z - 13. Let w be r(d). Let f be 2/(-3 + 2) + w. What is the highest common divisor of 189 and f?
21
Suppose 4*g + 61*u - 58*u = 1106, -5*g - 3*u = -1381. What is the highest common factor of g and 385?
55
Let r = -11 + 24. Suppose -r*a + 4*a = -81. Let i(v) = v**2 - 6*v + 2. Let y be i(7). Calculate the highest common factor of a and y.
9
Let j(s) = s**3 - s**2 - 3*s - 7. Let u be j(5). Let v be (-30)/(-45) + (-68)/(-6). Suppose -q = 6 - v. What is the highest common factor of u and q?
6
Let t = -235 + 1427. Suppose 5*j + t = 457. Let q be 1/2 - 1/(6/j). Calculate the greatest common divisor of 275 and q.
25
Suppose 77*o - 5083 = 54*o. Calculate the greatest common factor of 13 and o.
13
Let h = -7868 - -8302. Calculate the highest common divisor of h and 2542.
62
Let q be 22 + ((-1)/3)/((-2)/24). Let a = q + 494. What is the highest common divisor of a and 40?
40
Suppose 1964 = 57*o - 2026. Suppose -16*p + 18*p = 28. Calculate the greatest common divisor of o and p.
14
Let c = 29189 + -26305. What is the highest common divisor of c and 2575?
103
Let r(g) = 25 + 33 - 7 + 2*g. Let d be r(7). Let t(a) = -a**2 + a + 13. Let m be t(0). What is the highest common factor of d and m?
13
Suppose -5*l + x = 4*x - 1748, 2*l - 708 = x. Suppose 0 = -n + 17*n - l. Calculate the highest common factor of n and 22.
22
Suppose -16*z + 5*i = -13*z - 280, z = -i + 72. Suppose -5*a + 56 = -184. Calculate the highest common divisor of a and z.
16
Let x(h) = 7*h**2 + 13*h + 1. Let q be x(-2). Suppose -7*w + 3*w = -2*j + 24, -4*w = q*j - 76. What is the greatest common divisor of 50 and j?
10
Suppose -3*v - 4*i = -4*v + 42, 0 = 2*v + i - 48. Suppose 3*z - f - 2*f = 18, z = -4*f + v. What is the greatest common divisor of z and 40?
10
Let h(i) = 8*i**3 + 4*i**2 - 3. Let z be h(1). Calculate the highest common divisor of 48 and z.
3
Let w(d) be the first derivative of -4*d**4 - d**2/2 - 1608. Let c(b) = b + 4. Let m be c(-5). Let x be w(m). What is the highest common factor of 17 and x?
17
Let r(a) = -9*a**3 - 36*a**2 - 236*a + 12. Let d be r(-6). Calculate the greatest common divisor of d and 60.
12
Let r = -1559 + 1651. What is the greatest common factor of r and 2231?
23
Let q be (26 - (56 + -18)) + 0 + 11787. What is the highest common factor of q and 50?
25
Suppose 4*q + 1440 = 8*q. Let y(t) = t**3 - t + 7. Let j be y(0). Suppose -6*r + j*r = 36. What is the highest common divisor of q and r?
36
Let c = -235 - -529. Suppose -c*k + 1768 = -281*k. Calculate the greatest common factor of 238 and k.
34
Let t = 98 + -100. Let h be 28 + 3/6*t. Calculate the highest common factor of h and 36.
9
Let u = -30636 + 31212. Calculate the highest common divisor of u and 56.
8
Let b(p) = -35*p + 13. Let y be b(-76). What is the highest common factor of y and 108?
27
Suppose 765*m + 354 = 759*m. Let g = 5 + -68. Let q = m - g. What is the greatest common divisor of q and 4?
4
Let m = 35 - 30. Suppose 35 - 55 = m*a. Let y be (a + (-4)/(-8))*-12. What is the greatest common factor of 63 and y?
21
Let v(i) = -40*i**2 + 10*i - 15. Let o be v(-7). Let y be o/(-10) + (-3)/(-6). Suppose -275 = -15*z + y. What is the greatest common divisor of 48 and z?
16
Let i be (-4580)/7*91/(-26). Let h = i + -1261. Suppose h = 9*b - 6. Calculate the greatest common divisor of b and 23.
23
Let j be (12 + -234)*(-3)/6. Suppose -j = -3*p - 3*u, -2*p + 6*p - 133 = u. Let n be 166 - (-5 + 3/3). What is the greatest common divisor of p and n?
34
Let o be 1022/3 - 2/(-6). Let r be (-45)/((-1350)/(-24)) - (-118)/10. What is the greatest common divisor of r and o?
11
Suppose 0 = -28*f + 4*f. Suppose f = 4*v - 12, -2*i - 2*v = i - 30. What is the greatest common divisor of 6 and i?
2
Let l be (-7 - ((2 - 16) + -16 + 16)) + 916. Calculate the greatest common factor of l and 195.
13
Suppose 0 = w + 601 - 609. Calculate the greatest common divisor of 528 and w.
8
Suppose r = -3, -10*c + 3*r - 25 = -12*c. What is the highest common factor of c and 5253?
17
Let g(d) = -7 + 15*d + 22*d**2 - 13 - 37*d - 23*d**2. Let u be g(-20). Calculate the greatest common divisor of u and 36.
4
Let l(r) = 854*r**3 - 2*r + 8. Let z be l(-2). Let b be 6/(-4)*(z/33 - 4). Calculate the highest common factor of b and 237.
79
Let f be (-79 - -4)*(-60)/300. What is the highest common factor of 260 and f?
5
Suppose -5*l = -3*l - 846. Suppose 2*m - l - 25 = 0. Suppose m = 8*s - s. What is the greatest common divisor of s and 64?
32
Suppose -824*c = -863*c + 79950. Calculate the greatest common divisor of c and 164.
82
Let q = 202 + -502. Let p = q - -344. What is the highest common divisor of p and 66?
22
Let t be 3 - 3 - 44 - -1. Let b = t + 57. Let u(v) = v**3 + 7*v**2 - 9*v - 1. Let f be u(-8). Calculate the highest common divisor of f and b.
7
Suppose -24*n + 8*n = -11872. What is the highest common factor of n and 848?
106
Let k be (6/(-9))/(10/(-1665)). Let j be -3 - ((-9)/(-3) - 2). Let x = k - j. Calculate the greatest common factor of x and 46.
23
Let m(s) = -4*s**2 - 144*s + 70. Let n be m(-35). What is the greatest common factor of n and 280?
70
Let w be 3/(-3)*(-2 + 4/(-4)). Suppose -w*l = -348 - 90. Suppose 0 = -4*m - 50 + l. Calculate the highest common divisor of 6 and m.
6
Let f be 17/6*-8*(-15)/10. Let l be -1 + (f/8)/(15/60). What is the greatest common factor of 136 and l?
8
Suppose -22*i + 21*i = -c + 442, 4*c - 1764 = 2*i. Calculate the highest common factor of 1870 and c.
110
Suppose -105*p = -103*p - 286. Let q = p - 115. Calculate the greatest common factor of 252 and q.
28
Let i(r) be the first derivative of 11*r**2 + 875*r - 56. Let u be i(0). What is the highest common divisor of 25 and u?
25
Let o = 929 - 1734. Let c be o/2*(1 + 77). Let u be c/(-126) + 5/6. What is the highest common divisor of 25 and u?
25
Suppose b - x = 297, 5*x = 34*b - 35*b + 309. What is the greatest common divisor of 1357 and b?
23
Suppose -v + 4*h = 2 + 7, -4*v + 4 = 4*h. Let l(d) = 193*d**2 - 1. Let j be l(v). What is the greatest common divisor of 12 and j?
12
Let w(m) = 2*m**2 + 3*m + 1. Let z be w(-14). What is the highest common factor of 78 and z?
39
Let i = 30 - 20. Suppose 4*y - 2 = i. Let v = -2652 + 2676. Calculate the highest common divisor of v and y.
3
Let b be (1/(-3))/(15/(-90)). Let s(l) = 12*l**3 - l - 4. Let r be s(b). Let y be (-200)/(-11) - (-18)/(-99). Calculate the greatest common divisor of r and y.
18
Let z = 6 - 1. Suppose -4*i - 5*x + 1362 + 1558 = 0, -3*x + 1460 = 2*i. What is the highest common factor of z and i?
5
Let x = 6046 + -5308. What is the highest common factor of x and 630?
18
Suppose 4*r = -5*c - 3634 + 16486, r - c - 3231 = 0. Calculate the greatest common divisor of r and 22.
11
Let f be (1/14*-4)/(51/(-5712)). What is the highest common factor of f and 112?
16
Suppose -87 = p - 428. Let c be (-2)/(-8) + (-49)/(-56)*2. Suppose -3*k = -c*f - 87, -4*k + 5*f + 113 = 4. What is the highest common factor of p and k?
31
Suppose 3573 = s - 5*t, -10*s = -14*s + 5*t + 14187. Calculate the highest common divisor of 87 and s.
29
Suppose p = 5*c + 111, 0*c - 4*c + 129 = p. Let r = -58 + p. Let s be 2 + (4 - 3) - -4. What is the highest common divisor of s and r?
7
Let b be (12 + -26)/28*0/1. Let q be b + -1 + -2 + 75. What is the highest common factor of 384 and q?
24
Suppose -j - v = -30 - 123, 4*j = 2*v + 654. Let b = 201 - 137. What is the greatest common divisor of j and b?
32
Suppose 4*i - 3*c - 42301 = 0, 21*c + 31738 = 3*i + 17*c. Calculate the greatest common divisor of 30 and i.
10
Suppose 78 = -88*f + 101*f. Let i be f*303/(-4)*(-2)/9. Calculate the highest common divisor of i and 303.
101
Suppose k + 0*z + 4*z = 312, 276 = k - 5*z. Let x = -131 + k. Let t(j) = -3*j + 3. Let p be t(-4). What is the greatest common divisor of x and p?
15
Let u be (16/(-40) - (-126)/15)*22. Suppose 5*p = -15, 4*p + 12 + 22 = 2*h. What is the highest common divisor of h and u?
11
Let i(g) = -5*g + 80. Let h be i(14). What is the greatest common factor of 5310 and h?
10
Let s = 24 - -183. Let c = s - 199. Calcula